ve of y**7/1260 - y**6/720 - 11*y**4/24 + 20*y**2. Let m(p) be the second derivative of c(p). Calculate m(-2).
10
Let w(i) = -i**3 - 6*i**2 - 5*i + 4. Suppose -2*l - 3 = 3*z - 5*l, -5*l = -2*z + 10. Determine w(z).
4
Let s(a) = a**2 + a + 1. Let m(u) = -32*u**2 + 4*u - 50. Let n(k) = 11*k**2 - k + 17. Let l(p) = 6*m(p) + 17*n(p). Let q(c) = -l(c) - 4*s(c). What is q(7)?
-21
Let z(n) be the third derivative of n**8/6720 - n**7/1260 - n**6/240 + n**5/40 + 5*n**4/24 + 8*n**2. Let g(a) be the second derivative of z(a). What is g(3)?
3
Let u(t) be the first derivative of 2*t**3/3 - t**2 + 4*t + 71. What is u(3)?
16
Let o(z) be the third derivative of 0 - 11/6*z**3 - 37*z**2 + 0*z + 7/24*z**4 + 1/60*z**5. Determine o(-8).
-3
Let b(k) = -26*k + 3. Let i be (2/4)/((-7)/(-14)) + 1. Give b(i).
-49
Let q(w) = -w**3 - 14*w**2 + 16*w - 5. Let f(g) = -g**2 + g - 2. Let s(v) = 6*f(v) - q(v). Let n(b) = b - 4. Let d be n(-5). Determine s(d).
2
Let g be 12/(-20) - (-236)/10. Let m = -19 + g. Suppose m*h - h + 3*b = -12, -b = -5*h - 2. Let s(t) = 4*t + 1. Give s(h).
-3
Let u(g) = -g**3 + 19*g**2 - 18*g - 9. Let z(c) = -2*c**3 - 20*c**2 - 21*c - 9. Let l be z(-9). Give u(l).
-9
Suppose 31 - 6 = 5*c. Let m(s) = -s**3 + 4 - 2*s - 2 + c*s**2 - 9*s**2. Calculate m(-2).
-2
Let j(d) be the second derivative of d**3/6 - 3*d**2 + 3*d. Let x be 2/(-6) - ((-95)/15 - -6). What is j(x)?
-6
Suppose q - 3*b - 12 + 9 = 0, 0 = 3*b - 9. Let x(f) = 2*f**2 - 27*f + 34. Determine x(q).
-2
Let u(v) = -2*v**2 - 17*v - 16. Let o be u(-8). Let i be 0/(9/(-4) + 6/o). Let j(s) = -s**2 + s - 2. What is j(i)?
-2
Let d = 82 + -80. Let m(g) be the second derivative of 0*g**d + 0 + 1/20*g**5 - 1/3*g**3 + 1/12*g**4 - g. Give m(-2).
0
Let x be (2/(-4))/(2/(-28)). Suppose x*i - 5*i - 10 = 0. Let w(g) = g + 3 + 4 - i. Calculate w(4).
6
Let d(r) = 2*r + 7. Suppose 5*p - 4*p - 7 = 0. Let k(o) = 3*o + 13. Let j(l) = p*d(l) - 4*k(l). Give j(6).
9
Let x(f) = -f**3 + 10*f**2 + 3*f + 10. Let h(v) = -4*v**3 + 30*v**2 + 10*v + 30. Let c be 7*(1 + -2)*1. Let p(m) = c*x(m) + 2*h(m). What is p(-10)?
0
Let v(d) = -2*d + 16. Let x(c) = c**2 - 13*c - 43. Let n be x(16). Give v(n).
6
Let w(j) = 9*j - 2*j + 24*j**3 - 59*j**3 + 34*j**3 + 8 - 5*j**2. Calculate w(-6).
2
Let b be 8*(-5)/(-10) + -1. Suppose 0 = y + 4*f - 11, -b*y = 5*f - 40 + 7. Let s(c) = -2*c + 15. Determine s(y).
-7
Let u(v) be the first derivative of 5*v**3/3 - v + 670. What is u(-1)?
4
Let f(a) = -a**3 - 4*a**2 - 3*a - 1. Let b(q) = q**3 + 5*q**2 + q + 2. Suppose -3 = 4*s + 17. Let l be b(s). Let h be (-2)/1*(-2 - l). What is f(h)?
-3
Let d(t) = t**3 - 4*t**2 - t + 5. Let o(z) = -2*z + 28. Let y be o(12). Determine d(y).
1
Let m(d) = 2*d**2 + 5*d + 2. Let s(x) = 3*x**2 + 9*x + 3. Let y(k) = -5*m(k) + 3*s(k). Suppose 3*c - 2 = 4. Calculate y(c).
-1
Let c be -1 - 2/3*(-42)/4. Let b(l) be the first derivative of l**3/3 - 5*l**2/2 - 6. Give b(c).
6
Let g(p) = -p**2 - 47*p + 3. Let b(a) = a**2 - 24*a + 1. Let o(l) = -2*b(l) + g(l). Let h = 4 - 5. Calculate o(h).
-3
Let r be (-18)/15*25/(-10). Suppose 0 = r*p + p + 20. Let a(u) be the third derivative of u**6/120 + u**5/10 + u**4/4 - u**3/2 + 7*u**2. Determine a(p).
-8
Let s(d) = 6*d - 10. Let j be s(3). Suppose 0 = 2*n - 6*n - j. Let p(g) = g**2 - 3*g - 2. What is p(n)?
8
Let t = 69 - 58. Let o(z) = -4*z**2 + 8*z - 2. Let b(f) = 21*f**2 - 41*f + 10. Let w(i) = t*o(i) + 2*b(i). Give w(5).
-22
Suppose 0 = 11*k - 9 - 24. Let p(t) = -12*t + 2*t + 3*t + k. Give p(2).
-11
Let t(j) = -3*j. Let q(o) = -3*o**2 + 55*o - 16. Let h be q(18). What is t(h)?
-6
Let x(u) = u**3 + 4*u**2 - 7*u - 4. Suppose 21 + 11 = 4*t. Suppose r - 5*o = 4*r + 30, 4*r - 4*o = -t. What is x(r)?
6
Let i(n) be the second derivative of n**3/2 + 3*n**2/2 + 27*n + 1. Give i(-4).
-9
Let m(x) = -x**3 + x. Let b(o) be the third derivative of o**6/40 + o**5/12 - o**4/24 - o**3/6 + 8*o**2. Let j(l) = -b(l) - 2*m(l). What is j(-5)?
6
Let m be (25/10 + -2)/((-1)/(-10)). Let i(g) be the second derivative of -g**4/12 + g**3/2 - 2*g. Determine i(m).
-10
Suppose 3*i + 0 = 45. Suppose 0 = -3*q + i - 3. Let o(z) be the third derivative of -z**6/120 + z**5/12 - z**4/8 + z**3 + 17*z**2. Calculate o(q).
10
Let r(n) = n**2 + 3*n + 1. Let z be 47 + (2 + -3 - -1). Suppose 49*p - z*p + 8 = 0. Give r(p).
5
Suppose 14 - 58 = -11*x. Let s(c) be the third derivative of -1/24*c**4 + 1/3*c**3 - c**2 + 0 + 0*c. Determine s(x).
-2
Let r(o) = -2*o**3 - 2*o**2 + o + 1. Let m(l) = -11*l**3 - 18*l**2 + 6*l + 9. Let k(w) = m(w) - 6*r(w). Calculate k(6).
3
Let d(z) = -z - 7. Let i(n) = n**3 - 4*n**2 + 3*n + 5. Let h be i(4). Let b = -28 - 23. Let v be (7/3)/(h/b). Give d(v).
0
Suppose -24 + 4 = -5*t. Let v(r) = -4 + 7 - t - 7*r. Calculate v(-1).
6
Suppose -3*a = -2*a - 3. Let q(m) = -a*m + 2*m + 1 + 4*m. Suppose 70 = 128*p - 93*p. Calculate q(p).
7
Let v(n) be the first derivative of n**5/60 - n**4/24 - 8*n**3/3 - 39. Let w(i) be the third derivative of v(i). What is w(8)?
15
Suppose -5 = a + 3. Let n = 7 + a. Let h(y) = 10*y**3 - 5969*y**2 + 5969*y**2. Give h(n).
-10
Let q(t) = 2*t - 10. Suppose -3*j = 3*j - 60. Calculate q(j).
10
Let i(s) be the first derivative of s**4/4 - 13*s**3/3 - s**2/2 + 11*s - 37. What is i(13)?
-2
Let b(j) = j**3 + 3*j**2 - 2. Let z = -1 + -2. Let v be b(z). Let x be ((-5)/2 + 1)*v. Let r(m) = -2*m + 3. Give r(x).
-3
Let p(l) be the first derivative of l**3/3 - 7*l**2/2 + 6*l + 88. What is p(6)?
0
Let a(s) = 4*s + 33. Let h(g) = g + 11. Let c(d) = -2*a(d) + 7*h(d). Let n(k) = k - 10. Let i(b) = 2*c(b) + 3*n(b). Calculate i(0).
-8
Let f(r) be the second derivative of -r**5/20 - 7*r**4/12 - r**3 + 7*r**2/2 - 106*r. Determine f(-6).
7
Let o(u) = 2*u**2 + 8*u - 1. Let r(j) = -3*j**2 - 12*j. Let s(n) = 8*o(n) + 5*r(n). Calculate s(-5).
-3
Let l(j) = 2*j**2 - 7*j + 5. Let u be (2/2)/(3/12). Let o be (-18)/(-4) + (18/u)/(-9). Give l(o).
9
Let n(p) = -7*p - 2. Suppose 30 = 20*b - 15*b. Let h(d) = 8*d + 1. Let u(f) = b*n(f) + 5*h(f). Give u(-5).
3
Suppose -892*u = -907*u - 90. Let a(d) = -d**3 - 5*d**2 + 8*d + 8. Give a(u).
-4
Suppose n = 2*d - 2, -14*n = -19*n + d + 17. Let y(w) = w**2 - 6*w + 7. What is y(n)?
-1
Let z(w) = w + 2. Suppose -3*g + 19 = -2. Suppose -g - 17 = 4*f. Calculate z(f).
-4
Let l(a) = -3*a + 78. Let g be l(26). Let d(n) be the first derivative of 1 + 5/3*n**3 + g*n**2 - 5*n + 1/4*n**4. Give d(-5).
-5
Let u(w) = 10*w - 6. Let l(h) = -13*h**2 - 222*h - 16. Let p be l(-17). Give u(p).
4
Let l(x) = -x**3 - 9*x**2 + 6*x + 1. Let b(u) = 2*u**3 + 17*u**2 - 11*u. Let c(s) = -3*b(s) - 5*l(s). What is c(-5)?
-45
Let q(d) = d**2 + 2*d - 5. Let u = -17 + 37. Suppose 3*c - 8*c - u = 0. Determine q(c).
3
Suppose 3*z - 4*n + n = 18, 4*n = -5*z - 15. Let b(f) = -f - 1 + 2 - 4 - z. Determine b(-3).
-1
Suppose 0 = -g + 5*g - 8. Suppose -5*m + 28 = -g. Suppose 2*r + 2*y - 28 = m*r, -5*r - y - 28 = 0. Let v(w) = 2*w + 1. What is v(r)?
-11
Suppose 4*r + 3*b - 28 = -b, 4*r - 3*b = 0. Let y(o) = 1 - 111*o**3 - o + r*o + 109*o**3. Calculate y(-1).
1
Let h(v) be the first derivative of -v**4/4 + v**3/3 + v**2/2 - 7*v - 16. Give h(0).
-7
Let x(m) be the first derivative of m**3/3 + m**2/2 - 7*m - 3. Let k = 2 - -2. Suppose 0*l - 3*l + 3 = 0, -5*v = k*l - 4. Determine x(v).
-7
Let h(x) = -x + 11. Let w(c) = -c**3 - 5*c**2 + c + 8. Let d be w(-5). Suppose 0 = 5*i - 5*g + 15, -2*g = 2*i - g - d. Give h(i).
11
Let y(m) = -9*m. Let s(k) = 2*k**2 - 14*k + 3. Let n be s(7). Suppose -7*h = n + 4. Determine y(h).
9
Let o(q) = 0 - 4 + 6 + 7 + q. Let j(l) = l + 9. Let d(b) = -2*j(b) + 3*o(b). What is d(-11)?
-2
Let o(m) = -m - 3. Let g(d) = -d + 1. Let q(a) = -3*g(a) + o(a). Let s(j) = 2*j - 6. Let k(y) = 5*q(y) - 6*s(y). Calculate k(5).
-4
Let z(i) = 4*i**3 + 6*i**2 + 7*i + 4. Let y(h) = h**3 - 1. Let v(o) = -3*y(o) + z(o). Let b be 25/(15 - 10) - 10. Give v(b).
-3
Suppose 0 = -2*v - 25 - 17. Let m = v + 17. Let f(g) be the third derivative of -g**4/24 - g**3/6 - 2*g**2. Give f(m).
3
Let d(w) be the second derivative of 0 + 5/6*w**3 + w - 2*w**2 + 1/12*w**4. Calculate d(3).
20
Let q(v) = -3*v**3 - 9*v**2 - 9*v. Let y(t) = -9*t**3 - 18*t**3 + 26*t**3. Let b(w) = -q(w) + 2*y(w). Let i be ((-24)/9)/(2/6). Calculate b(i).
-8
Let w(x) = x**2 + 8*x - 6. Let j(o) = o**